{"id":2766,"date":"2017-04-04T08:29:56","date_gmt":"2017-04-04T06:29:56","guid":{"rendered":"http:\/\/luban.hekko24.pl\/?page_id=2766"},"modified":"2017-04-04T10:21:25","modified_gmt":"2017-04-04T08:21:25","slug":"cwc-radom-15-09-200","status":"publish","type":"page","link":"http:\/\/juma.type.pl\/index.php\/cwc-radom-15-09-200\/","title":{"rendered":"CWC RADOM 15.09.200"},"content":{"rendered":"<p class=\"wpis\">Wystawa ta by\u0142a okazj\u0105 do poznania wielu, bardzo sympatycznych ludzi, oczywi\u015bcie pozytywnie zakr\u0119conych na punkcie doberman\u00f3w. Szczeg\u00f3lnie przypadli mi do gustu Pa\u0144stwo Piechowscy od Colett z Padoku, cudowni, weseli i \u017cyczliwi ludzie. Okaza\u0142o si\u0119, \u017ce poza ringiem, nie ma cienia rywalizacji, panuje mi\u0142a i przyjacielska atmosfera, kt\u00f3ra r\u00f3wnie\u017c udziela si\u0119 naszym psom.<\/p>\n<p align=\"center\">Pan Piechowski z Colett z Padoku i Iza z Dasz\u0105 z Padoku<br \/>\n<img loading=\"lazy\" decoding=\"async\" src=\"http:\/\/juma.type.pl\/NEW\/SUB\/GALERIA\/OFF2\/1.jpg\" width=\"434\" height=\"326\" border=\"0\" \/><\/p>\n<p align=\"center\">\u015bpiewaj\u0105ca Colett<br \/>\n<img loading=\"lazy\" decoding=\"async\" src=\"http:\/\/juma.type.pl\/NEW\/SUB\/GALERIA\/OFF2\/2.jpg\" width=\"434\" height=\"326\" border=\"0\" \/><\/p>\n<p align=\"center\">Colett i Delawar<br \/>\n<img loading=\"lazy\" decoding=\"async\" src=\"http:\/\/juma.type.pl\/NEW\/SUB\/GALERIA\/OFF2\/3.jpg\" width=\"434\" height=\"326\" border=\"0\" \/><\/p>\n<p><img loading=\"lazy\" decoding=\"async\" class=\"aligncenter\" src=\"http:\/\/juma.type.pl\/NEW\/SUB\/GALERIA\/OFF2\/4.jpg\" width=\"434\" height=\"326\" border=\"0\" \/><\/p>\n<p align=\"center\">Mietek z Noriko Gabi Vigo<br \/>\n<img loading=\"lazy\" decoding=\"async\" src=\"http:\/\/juma.type.pl\/NEW\/SUB\/GALERIA\/OFF2\/5.jpg\" width=\"434\" height=\"326\" border=\"0\" \/><\/p>\n<p align=\"center\">Delawar<br \/>\n<img loading=\"lazy\" decoding=\"async\" src=\"http:\/\/juma.type.pl\/NEW\/SUB\/GALERIA\/OFF2\/6.jpg\" width=\"434\" height=\"326\" border=\"0\" \/><\/p>\n<p align=\"center\">Delawar z Cub\u0105<br \/>\n<img loading=\"lazy\" decoding=\"async\" src=\"http:\/\/juma.type.pl\/NEW\/SUB\/GALERIA\/OFF2\/7.jpg\" width=\"434\" height=\"326\" border=\"0\" \/><\/p>\n<p><img loading=\"lazy\" decoding=\"async\" class=\"aligncenter\" src=\"http:\/\/juma.type.pl\/NEW\/SUB\/GALERIA\/OFF2\/8.jpg\" width=\"434\" height=\"326\" border=\"0\" \/><\/p>\n<p align=\"center\">Ala z Cub\u0105<br \/>\n<img loading=\"lazy\" decoding=\"async\" src=\"http:\/\/juma.type.pl\/NEW\/SUB\/GALERIA\/OFF2\/9.jpg\" width=\"434\" height=\"326\" border=\"0\" \/><\/p>\n<p><img loading=\"lazy\" decoding=\"async\" class=\"aligncenter\" src=\"http:\/\/juma.type.pl\/NEW\/SUB\/GALERIA\/OFF2\/10.jpg\" width=\"434\" height=\"326\" border=\"0\" \/><\/p>\n<p align=\"center\">Agnieszka i Krzysio od Dastina z Padoku, Joasia od Vivienne Miratio, Aga od Nemesis-Noor z Diabeli, Mietek od Gruzji Bene Meritus i Noriko Gabi Vigo<br \/>\n<img loading=\"lazy\" decoding=\"async\" src=\"http:\/\/juma.type.pl\/NEW\/SUB\/GALERIA\/OFF2\/11.jpg\" width=\"434\" height=\"326\" border=\"0\" \/><\/p>\n<p align=\"center\">Mietek z Al\u0105 i Cub\u0105<br \/>\n<img loading=\"lazy\" decoding=\"async\" src=\"http:\/\/juma.type.pl\/NEW\/SUB\/GALERIA\/OFF2\/12.jpg\" width=\"434\" height=\"326\" border=\"0\" \/><\/p>\n<p align=\"center\">trzy br\u0105ziki &#8211; od lewej Cuba, Dastin z Padoku i Kartagina Keris Tromelin<br \/>\n<img loading=\"lazy\" decoding=\"async\" src=\"http:\/\/juma.type.pl\/NEW\/SUB\/GALERIA\/OFF2\/13.jpg\" width=\"434\" height=\"326\" border=\"0\" \/><\/p>\n","protected":false},"excerpt":{"rendered":"<p>Wystawa ta by\u0142a okazj\u0105 do poznania wielu, bardzo sympatycznych ludzi, oczywi\u015bcie pozytywnie zakr\u0119conych na punkcie doberman\u00f3w. Szczeg\u00f3lnie przypadli mi do gustu Pa\u0144stwo Piechowscy od Colett z Padoku, cudowni, weseli i \u017cyczliwi ludzie. Okaza\u0142o si\u0119, \u017ce poza ringiem, nie ma cienia rywalizacji, panuje mi\u0142a i przyjacielska atmosfera, kt\u00f3ra r\u00f3wnie\u017c udziela si\u0119 naszym psom. Pan Piechowski z Colett z Padoku i Iza z Dasz\u0105 z Padoku \u015bpiewaj\u0105ca Colett Colett i Delawar Mietek z Noriko Gabi Vigo Delawar Delawar z Cub\u0105 Ala z&#8230;<\/p>\n<p class=\"read-more\"><a class=\"btn btn-default\" href=\"http:\/\/juma.type.pl\/index.php\/cwc-radom-15-09-200\/\"> czytaj wi\u0119cej<span class=\"screen-reader-text\">  Czytaj wi\u0119cej<\/span><\/a><\/p>\n","protected":false},"author":1,"featured_media":0,"parent":0,"menu_order":0,"comment_status":"closed","ping_status":"closed","template":"","meta":{"footnotes":""},"class_list":["post-2766","page","type-page","status-publish","hentry"],"_links":{"self":[{"href":"http:\/\/juma.type.pl\/index.php\/wp-json\/wp\/v2\/pages\/2766","targetHints":{"allow":["GET"]}}],"collection":[{"href":"http:\/\/juma.type.pl\/index.php\/wp-json\/wp\/v2\/pages"}],"about":[{"href":"http:\/\/juma.type.pl\/index.php\/wp-json\/wp\/v2\/types\/page"}],"author":[{"embeddable":true,"href":"http:\/\/juma.type.pl\/index.php\/wp-json\/wp\/v2\/users\/1"}],"replies":[{"embeddable":true,"href":"http:\/\/juma.type.pl\/index.php\/wp-json\/wp\/v2\/comments?post=2766"}],"version-history":[{"count":2,"href":"http:\/\/juma.type.pl\/index.php\/wp-json\/wp\/v2\/pages\/2766\/revisions"}],"predecessor-version":[{"id":2769,"href":"http:\/\/juma.type.pl\/index.php\/wp-json\/wp\/v2\/pages\/2766\/revisions\/2769"}],"wp:attachment":[{"href":"http:\/\/juma.type.pl\/index.php\/wp-json\/wp\/v2\/media?parent=2766"}],"curies":[{"name":"wp","href":"https:\/\/api.w.org\/{rel}","templated":true}]}}